 Let y(j) = -6*j - 14. Let z be y(q). Calculate the highest common factor of 1 and z.
1
Let b be (168/(-20))/(1/(-5)). Suppose -2*x = 4*j - 112, -5*j + 2*x = 3*x - 140. Calculate the highest common divisor of j and b.
14
Suppose -4*o - 23*o = -216. What is the greatest common divisor of 752 and o?
8
Suppose 0 = -i + 4, 5*i = -0*d + 3*d - 37. What is the greatest common factor of d and 171?
19
Suppose -2376 = -3*y + 3*k, -9*y = -13*y - 3*k + 3161. What is the greatest common factor of y and 7?
7
Let y(w) = 56*w**3 - 3*w**2 + 33*w - 102. Let p be y(3). Calculate the highest common divisor of p and 114.
114
Let g be 2/(-28) + (-48087)/(-1918). Calculate the highest common divisor of g and 85.
5
Suppose 0 = -4*u + 66 - 526. Let h = -104 - u. What is the greatest common factor of h and 44?
11
Suppose 0*g - 9*g + 18 = 0. Let a be 7/(-7) - (-2 + -1). Let o = a - -2. Calculate the greatest common divisor of o and g.
2
Suppose 22*i + 121 = 33*i. What is the greatest common divisor of 176 and i?
11
Let h = -66 + 79. Let m = -17 - -5. Let n be ((-104)/m)/(2/3). What is the highest common factor of h and n?
13
Let s(g) = 144*g + 944. Let d be s(-6). Let b(k) = 3*k**2 - 3*k + 4. Let p be b(-3). Calculate the highest common divisor of p and d.
40
Suppose -5*o + 5*k + 43 = -792, -362 = -2*o - 5*k. Let l(z) = z**2 + 3. Let g be l(-4). What is the greatest common divisor of o and g?
19
Let y(f) = -6*f - 4. Let x be y(-6). Suppose -q - 1459 = -1463. What is the highest common divisor of x and q?
4
Suppose -64 = -3*t + 38. Let x(c) = -92*c - 467. Let g be x(-6). Calculate the greatest common factor of t and g.
17
Let k = 934 - 919. What is the highest common factor of 3 and k?
3
Let c = -300 + 324. What is the greatest common divisor of 8 and c?
8
Let h = 3135 - 2863. What is the highest common factor of h and 34?
34
Let d be (-9)/2*(-6)/9. Suppose 2*y - 4*t = -6*t - 130, 145 = -2*y - 5*t. Let r = -48 - y. What is the greatest common factor of d and r?
3
Let t = -211 - -215. Suppose t*x - 44 = 52. Let i(u) = -12*u**3 + u + 1. Let b be i(-1). Calculate the greatest common factor of x and b.
12
Let f(i) = i**3 + 16*i**2 + 7*i + 139. Let y be f(-16). Calculate the highest common factor of y and 13.
1
Suppose 3*w - 12 = -5*l, -3*w - 3 + 15 = l. Let y be (-4)/14 + 2432/(-112) + 23. Calculate the greatest common divisor of w and y.
1
Suppose 22*f = 21*f + 1, -f = 2*s - 265. Suppose 0 = 2*t + 2*t - 48. Calculate the highest common divisor of s and t.
12
Let s(t) = -4*t**2 - 17 - 18*t + 3*t**2 + 0*t**2. Let f be s(-16). Let u = 9 - -6. What is the greatest common divisor of u and f?
15
Suppose -15*q = -18*q - 36. Let l be 3*(320/q)/5. Let g = -12 - l. What is the highest common divisor of 4 and g?
4
Suppose 2*q + h - 11 = 0, -6*q + 3*h + 11 = -q. Calculate the greatest common divisor of 2 and q.
2
Suppose p = 5*w + 30, 9*w - 5*w = 4*p - 72. Suppose -7 + 23 = 4*h. Suppose d = h*l - 21, -4*d + 10 = 3*l - 1. What is the greatest common divisor of l and p?
5
Let m be 8/10*(-10)/(-4). Let f = 9 - m. Suppose -5*q + 25 = 0, -4*a - 2*q + 21 = f. What is the highest common divisor of a and 5?
1
Suppose 0 = 4*t - 8, 5*l - 3 = 3*t + 1. Suppose 0 = -l*q - 3*c + 70, 0 = 5*c - 2*c + 6. What is the greatest common divisor of q and 19?
19
Let s = -387 - -1414. What is the greatest common factor of s and 79?
79
Let m(d) = 2*d**2 + d + 3. Let p be m(3). Suppose 3*i - 5*i + p = 0. Calculate the greatest common divisor of 42 and i.
6
Let s be (9/2)/(18/(-24)). Let v(m) = m**2 + m + 1. Let y be v(s). Let p = 45 - y. What is the highest common factor of 14 and p?
14
Suppose 5*a - 10 = -0*a. Suppose -a*v - 25 = -3*r, 5*r - 4*v + 2*v - 39 = 0. Suppose 1 = 2*h - r. What is the highest common factor of h and 2?
2
Suppose 3*h = -2*y + 16, 11*h - 20 = -2*y + 7*h. Let c be 10 + (-2)/(3 - 2). Calculate the greatest common divisor of c and y.
2
Let f(m) = -m**3 - 14*m**2 - 49*m. Let n be ((-24)/(-10))/(18/(-60)). Let p be f(n). Calculate the highest common divisor of p and 16.
8
Let g be 1 + 1 + (-18)/(-9). Suppose j = g*r + r - 164, -35 = -r - 2*j. Calculate the greatest common factor of 44 and r.
11
Let o = -14 - -29. Suppose 2*u = b - o, -b - 4*b - 2*u + 15 = 0. What is the greatest common factor of 10 and b?
5
Suppose 5*u - 13*u + 24 = 0. Suppose 2*b + 4*n = 12, -12 - 20 = -u*b + n. What is the highest common factor of 90 and b?
10
Let u = 46 + -39. Let f = 13 - u. Let t(w) = 5*w**2 - 3*w. Let h be t(-3). What is the greatest common factor of h and f?
6
Let g(n) = -4*n - 19. Suppose 0 = -2*z - 4 - 12. Let b be g(z). What is the highest common factor of 104 and b?
13
Suppose 27*r = 28*r - 27. Calculate the highest common divisor of r and 12.
3
Let x be (-1)/((-6)/72*4). Calculate the greatest common divisor of 201 and x.
3
Suppose -3*d - r = -5*d + 11, 0 = r + 1. Calculate the highest common factor of d and 5.
5
Let s be 576 - ((-1)/2 + 20/40). Calculate the greatest common factor of 64 and s.
64
Let v = 1070 - 1060. What is the greatest common divisor of v and 230?
10
Let n be 174/319 + (-1632)/(-33). Calculate the highest common divisor of 675 and n.
25
Suppose 2*b + 0*b - 10 = -3*n, 0 = -4*n - 5*b + 18. Let f be (-16)/12 - (-462)/63. Calculate the greatest common factor of f and n.
2
Let w(p) = 2*p + 19 - p**2 - 30 + 19 - p. Let m be w(0). Suppose 28 = y - 0*y + 4*j, 0 = -4*y - 2*j + 154. What is the highest common divisor of y and m?
8
Suppose 0 = 3*a - 0*a - 1377. Let z = a + -310. Let w = 248 - z. Calculate the highest common factor of 11 and w.
11
Suppose 6*g = 1 - 13. Let a(c) = -6*c**3 + 2*c. Let t be a(g). What is the highest common divisor of 4 and t?
4
Let i(t) = 2*t**2 + 28*t + 10. Let l be i(-14). Let b be -3 + (-1 + 65 - 1). Calculate the highest common divisor of b and l.
10
Suppose 0 = 14*a - 1312 + 220. What is the greatest common factor of 2 and a?
2
Let z(g) = -g**3 - 13*g**2 - 10*g + 20. Let d be z(-12). Let a be (56/(-20) - d)*(-3 + 28). What is the greatest common factor of a and 90?
30
Let l be ((-4)/8 - 2/12)*-3. Suppose 0 = -5*c - h + 275, -6*c + 66 = -5*c - l*h. Let z be 3/((9/(-140))/(-3)). What is the greatest common factor of c and z?
28
Suppose -3*x + q - 56 = -3*q, -2*q = 5*x + 102. Let m = x - -18. Let u be ((-9)/(-3) + -29)/m. What is the greatest common divisor of 13 and u?
13
Suppose -4*k - p - 47 = -7*k, -2*k = -2*p - 30. Suppose -4*a + 258 = -5*a. Let x be 4/(-16) + a/(-8). What is the highest common factor of x and k?
16
Suppose 151 = x + t, -x - 83 = 3*t - 232. Calculate the greatest common divisor of x and 8.
8
Let z = 22 - 6. Suppose 0 = 2*x + 2*w - 80, -2*w + z = -6*w. Let s = -12 + x. What is the greatest common factor of s and 48?
16
Let i = -5 + 8. Let g be (0 - -1)/(i/54). Suppose 0 = j + 5*l - 136, 0 = -5*j + l + 509 + 119. What is the highest common factor of g and j?
18
Let i = 98 + -97. Suppose 4*t - 2*l + i = 43, 4*l = -4. Calculate the highest common factor of t and 4.
2
Let d be (-4)/(-18) + 12082/63. Let z = -129 + d. What is the greatest common divisor of 42 and z?
21
Let s be (-2)/(-3) - (-10760)/60. Let z = 5 - -13. What is the greatest common factor of z and s?
18
Let c be 838/4 - (15 + 186/(-12)). Calculate the greatest common divisor of 735 and c.
105
Suppose 15 = 5*u - 5. Let j be (-2)/u*(-16 - 4). Let f be 172/j + (-6)/30. Calculate the greatest common divisor of f and 153.
17
Suppose -w = -4*h + 1096, 2*h + w - 396 = 146. Calculate the highest common divisor of 364 and h.
91
Let h(v) = -v**2 + 10*v - 7. Let l be 162/45*5/2. Let j be h(l). Suppose j*q = -q + 585. What is the highest common divisor of 39 and q?
39
Suppose -156 = 14*p - 8*p. Let s be ((-6)/(-12))/((-1)/p). What is the highest common factor of s and 52?
13
Suppose 0 = 3*y - 6*y. Suppose -35 = -5*l - h + 33, -5*l + 4*h + 78 = y. What is the greatest common factor of l and 126?
14
Let n(r) = -r**2 - 1. Let p be n(0). Let o(t) = -10*t**3 + t**2 + t. Let d be o(p). What is the highest common divisor of 30 and d?
10
Let r(u) = u**2 + 2*u - 7. Let g be r(-6). Let o(t) = -t**2 + 20*t - 38. Let c be o(g). What is the highest common divisor of c and 91?
13
Let t be (-4)/18 + 870/27. Suppose 999 + 761 = 5*i. Calculate the highest common divisor of i and t.
32
Let b be 4 - (12/